?
-666
In base 9, what is -1886 + 118?
-1767
In base 9, what is 4 - -61521?
61525
In base 6, what is -4 - -254540?
254532
In base 6, what is -4001324 - -101?
-4001223
In base 14, what is -14c2 + -7?
-14c9
In base 2, what is -1111001111001100 + 100?
-1111001111001000
In base 15, what is 2e + -2b31?
-2b02
In base 10, what is 0 - -1230?
1230
In base 4, what is -13 + 3132133?
3132120
In base 15, what is 11 - -caae?
cac0
In base 9, what is 5 - -265621?
265626
In base 14, what is -4a35 - -18?
-4a1b
In base 7, what is 1013 - -21?
1034
In base 4, what is 32302032 + 10?
32302102
In base 16, what is 2 - -c9794?
c9796
In base 14, what is -5 - -1d48?
1d43
In base 13, what is -23514 - -2a?
-234b7
In base 2, what is 10 + -1101100011000100?
-1101100011000010
In base 11, what is 17 - -13222?
13239
In base 2, what is -10 + -100100011?
-100100101
In base 9, what is 1107453 + 0?
1107453
In base 10, what is -8 - 667?
-675
In base 7, what is -20 + 51456?
51436
In base 14, what is 4b - 16b8?
-166b
In base 4, what is -13 - -133020?
133001
In base 15, what is 2724e + 22?
27271
In base 7, what is 244552 - 5?
244544
In base 2, what is -11101110 + -101110110100?
-110010100010
In base 2, what is -10 - 11010101101001?
-11010101101011
In base 13, what is 1 - 2644b?
-2644a
In base 4, what is 22100 - -23232?
111332
In base 9, what is 10516 + -7?
10508
In base 2, what is 10110010000 - -11?
10110010011
In base 16, what is -8b7 - -11?
-8a6
In base 13, what is -128c + -4a?
-1309
In base 6, what is 0 + -1420025?
-1420025
In base 10, what is -19361 - -3?
-19358
In base 4, what is 1023 + -1213?
-130
In base 12, what is -aaa99 - 4?
-aaaa1
In base 13, what is 494 - -150?
614
In base 7, what is 133643 - 130?
133513
In base 16, what is c - 50ba?
-50ae
In base 16, what is 108a - -32?
10bc
In base 13, what is 9c6 - 3c?
987
In base 15, what is 193b - -5?
1941
In base 6, what is -4 - 42401213?
-42401221
In base 4, what is -132011330 + -3?
-132011333
In base 11, what is 13 + 76473?
76486
In base 3, what is -22010 + 10111?
-11122
In base 5, what is 4 + 14204234?
14204243
In base 12, what is -41924 - -7?
-41919
In base 6, what is -1 + 102232?
102231
In base 13, what is -132 - -971a?
95b8
In base 12, what is -31 + -b4?
-125
In base 11, what is -1093 + 23?
-1070
In base 12, what is -3417 - -16?
-3401
In base 5, what is 10001332 - 42?
10001240
In base 10, what is 87 - 2472?
-2385
In base 16, what is -1 - 77f55?
-77f56
In base 16, what is -28 - -539?
511
In base 13, what is 2aa8 - 2?
2aa6
In base 14, what is 2 - 4cbc?
-4cba
In base 14, what is -7 + d934?
d92b
In base 7, what is 5 - -2231?
2236
In base 16, what is 3 + -6ed2?
-6ecf
In base 12, what is -21b6 + 45?
-2171
In base 7, what is -235011 + 11?
-235000
In base 5, what is 0 + 2111320?
2111320
In base 16, what is -2ab + 1ffa?
1d4f
In base 6, what is 0 + -255253?
-255253
In base 12, what is -1744 + 11?
-1733
In base 13, what is -6bb + 50?
-66b
In base 14, what is -b + 23287?
2327a
In base 9, what is -2 + -433433?
-433435
In base 16, what is -33e2f - 4?
-33e33
In base 5, what is 203003 + 0?
203003
In base 2, what is -11 + 11010000110000000?
11010000101111101
In base 7, what is -3110 - -466?
-2311
In base 11, what is -a - -885?
876
In base 12, what is -4a15 + 3?
-4a12
In base 14, what is -2 - 80a95?
-80a97
In base 6, what is -32243 - -404?
-31435
In base 12, what is 1 + 319708?
319709
In base 6, what is -231 + -20011?
-20242
In base 14, what is -36207c + -5?
-362083
In base 3, what is -220010 + 20000?
-200010
In base 7, what is 1036164 + -1?
1036163
In base 9, what is -22 + -2612?
-2634
In base 5, what is 10231 - -10332?
21113
In base 4, what is 212 + -221?
-3
In base 6, what is -13 + -31412?
-31425
In base 15, what is 482 - -23?
4a5
In base 2, what is -111101001100100000110 + -10?
-111101001100100001000
In base 7, what is 154424 - 0?
154424
In base 7, what is -202524 + -5?
-202532
In base 3, what is 0 - 112121021?
-112121021
In base 12, what is -901711 - 1?
-901712
In base 5, what is -11130 - -21022?
4342
In base 9, what is 12666 + -64?
12602
In base 11, what is 1091891 + 2?
1091893
In base 3, what is -1022012211 + -2?
-1022012220
In base 13, what is -64505 + -3?
-64508
In base 16, what is 30c + 63?
36f
In base 2, what is -101001000010 + 10110001?
-100110010001
In base 2, what is 11100011000011 + -11100101?
11011111011110
In base 4, what is -11 - -11021030?
11021013
In base 2, what is 1110011 - 101001001?
-11010110
In base 7, what is -1121 + 234?
-554
In base 10, what is -1405382 - -5?
-1405377
In base 15, what is -213 - -cb?
-137
In base 8, what is -523 + 203?
-320
In base 7, what is 25 - 60111?
-60053
In base 9, what is 4 + 21520?
21524
In base 13, what is -4 - -2903?
28cc
In base 15, what is 1b0c + 1?
1b0d
In base 15, what is -9 + 87e7?
87dd
In base 15, what is -c - -77e0?
77d3
In base 8, what is 45474 + 5?
45501
In base 2, what is -10 + 10110000001011?
10110000001001
In base 7, what is -3036020 - -1?
-3036016
In base 12, what is -813 + 324?
-4ab
In base 13, what is -299 + -25?
-2c1
In base 6, what is -32 - -251105?
251033
In base 6, what is 110302 - -4344?
115050
In base 14, what is -16a03 - -3?
-16a00
In base 15, what is 21b71 + -4?
21b6c
In base 7, what is 404 - -10160?
10564
In base 12, what is 3 - 96b?
-968
In base 3, what is 111 - -1002002020?
1002002201
In base 13, what is 62 + 3c41?
3ca3
In base 10, what is -15 + 20866?
20851
In base 2, what is -10 - 10100000001100100?
-10100000001100110
In base 7, what is -34 - -541346?
541312
In base 10, what is -2235 + 3?
-2232
In base 15, what is -21b - 1c6?
-3e2
In base 12, what is -a + 81048?
8103a
In base 11, what is 14 + 544?
558
In base 5, what is 20334 + -324?
20010
In base 2, what is 10110111100110110111 - 100?
10110111100110110011
In base 11, what is 1308a2 + -2?
1308a0
In base 6, what is -13103021 - 11?
-13103032
In base 10, what is 275342 - -1?
275343
In base 6, what is 54 + 315403?
315501
In base 14, what is a + -7db9?
-7dad
In base 16, what is 0 + -5c05?
-5c05
In base 2, what is -1100010 + -10001101010?
-10011001100
In base 13, what is 17 + -3135?
-311b
In base 11, what is -17 + 1237?
1220
In base 9, what is -86186 - -1?
-86185
In base 2, what is -10 - -1100001111101011?
1100001111101001
In base 6, what is 5513 + 153?
10110
In base 11, what is 2a12 + -2?
2a10
In base 15, what is -8d + -77?
-115
In base 6, what is -4 - 141014?
-141022
In base 5, what is 2 - 111444104?
-111444102
In base 2, what is -100011 - -10010100011000?
10010011110101
In base 10, what is -3 + 230289?
230286
In base 15, what is -4399 + 4?
-4395
In base 16, what is 2 - -a19?
a1b
In base 15, what is 207 - -2b0?
4b7
In base 13, what is -c796 - 17?
-c7b0
In base 13, what is -58 - 14010?
-14068
In base 13, what is 5713 - 4b?
5695
In base 10, what is -6 + -64310?
-64316
In base 5, what is -41243 + -4032?
-100330
In base 9, what is -25723 + -3?
-25726
In base 9, what is -17 + -14286?
-14314
In base 13, what is 10556 - 4?
10552
In base 9, what is -3408 + 286?
-3112
In base 13, what is -b41 + 614?
-52a
In base 13, what is -62 + -785?
-817
In base 8, what is -4 + 130763?
130757
In base 4, what is -10330 - -1101?
-3223
In base 16, what is -34 - -11310?
112dc
In base 9, what is -10 - -154?
144
In base 9, what is 845016 + 6?
845023
In base 13, what is -b + 1121?
1113
In base 8, what is -4 - -1417355?
1417351
In base 13, what is 13b76 + 54?
13bca
In base 3, what is 1002021 + 212?
1010010
In base 6, what is 125110 + 10?
125120
In base 3, what is 11220102121200 + -12?
11220102121111
In base 6, what is 5 - -5035?
5044
In base 11, what is 23a6 - 59?
2348
In base 4, what is 1303 - -2233?
10202
In base 3, what is 12 + 1201111000?
1201111012
In base 7, what is 31436452 + 4?
31436456
In base 8, what is 41 - -2442?
2503
In base 14, what is 35 + -144?
-10d
In base 12, what is 3b75a - -4?
3b762
In base 12, what is 1914 - 3?
1911
In base 16, what is -8e + -f39?
-fc7
In base 14, what is 3 + -11c381?
-11c37c
In base 14, what is -36 - d41?
-d77
In base 11, what is 38 + 3762?
379a
In base 6, what is 1215 + -20?
1155
In base 10, what is -6 + 42078?
42072
In base 13, what is -4 + 1a7290?
1a7289
In base 16, what is 24 - 138?
-114
In base 4, what is -1030 - -130012?
122322
In base 8, what is -223 - 2045?
-2270
In base 11, what is 7 - 280a?
-2803